{"id":963,"date":"2019-09-16T14:42:27","date_gmt":"2019-09-16T12:42:27","guid":{"rendered":"https:\/\/vivreauportugal.eu\/?page_id=963"},"modified":"2022-08-23T14:08:36","modified_gmt":"2022-08-23T12:08:36","slug":"mentions-legales","status":"publish","type":"page","link":"https:\/\/vivreauportugal.eu\/index.php\/mentions-legales\/","title":{"rendered":"Mentions L\u00e9gales"},"content":{"rendered":"[et_pb_section fb_built=\u00a0\u00bb1&Prime; _builder_version=\u00a0\u00bb3.21.1&Prime; custom_margin=\u00a0\u00bb0px||0px\u00a0\u00bb custom_padding=\u00a0\u00bb0px||0px\u00a0\u00bb][et_pb_row custom_padding=\u00a0\u00bb0px||0px|\u00a0\u00bb custom_margin=\u00a0\u00bb|||36px\u00a0\u00bb disabled_on=\u00a0\u00bbon|on|off\u00a0\u00bb module_id=\u00a0\u00bbfloat\u00a0\u00bb _builder_version=\u00a0\u00bb3.21.1&Prime;][et_pb_column type=\u00a0\u00bb1_4&Prime; _builder_version=\u00a0\u00bb3.21.1&Prime;][et_pb_text _builder_version=\u00a0\u00bb3.21.1&Prime; text_font=\u00a0\u00bb||||||||\u00a0\u00bb header_font=\u00a0\u00bb||||||||\u00a0\u00bb background_color=\u00a0\u00bb#ffffff\u00a0\u00bb box_shadow_style=\u00a0\u00bbpreset2&Prime; max_width=\u00a0\u00bb85%\u00a0\u00bb custom_margin=\u00a0\u00bb-37px|16px|0px|0px\u00a0\u00bb custom_padding=\u00a0\u00bb||\u00a0\u00bb link_option_url=\u00a0\u00bbhttps:\/\/vivreauportugal.eu\/\u00a0\u00bb]<p><img decoding=\"async\" loading=\"lazy\" src=\"https:\/\/vivreauportugal.eu\/wp-content\/uploads\/2019\/09\/Logo-baseline-light-1-300x134.png\" alt=\"\" class=\"wp-image-739 alignnone size-medium\" width=\"300\" height=\"134\" srcset=\"https:\/\/vivreauportugal.eu\/wp-content\/uploads\/2019\/09\/Logo-baseline-light-1-300x134.png 300w, https:\/\/vivreauportugal.eu\/wp-content\/uploads\/2019\/09\/Logo-baseline-light-1.png 527w\" sizes=\"(max-width: 300px) 100vw, 300px\" \/><\/p>[\/et_pb_text][\/et_pb_column][et_pb_column type=\u00a0\u00bb1_4&Prime; _builder_version=\u00a0\u00bb3.21.1&Prime;][\/et_pb_column][et_pb_column type=\u00a0\u00bb1_4&Prime; _builder_version=\u00a0\u00bb3.21.1&Prime;][\/et_pb_column][et_pb_column type=\u00a0\u00bb1_4&Prime; _builder_version=\u00a0\u00bb3.21.1&Prime;][\/et_pb_column][\/et_pb_row][et_pb_row custom_padding=\u00a0\u00bb15px||11px\u00a0\u00bb custom_padding_last_edited=\u00a0\u00bbon|desktop\u00a0\u00bb disabled_on=\u00a0\u00bboff|off|on\u00a0\u00bb _builder_version=\u00a0\u00bb3.21.1&Prime;][et_pb_column type=\u00a0\u00bb4_4&Prime; _builder_version=\u00a0\u00bb3.21.1&Prime;][et_pb_image src=\u00a0\u00bbhttps:\/\/vivreauportugal.eu\/wp-content\/uploads\/2019\/10\/Logo-baseline-light-Respnsive-1.jpg\u00a0\u00bb url=\u00a0\u00bbhttps:\/\/vivreauportugal.eu\/\u00a0\u00bb _builder_version=\u00a0\u00bb3.21.1&Prime; max_width_tablet=\u00a0\u00bb100%\u00a0\u00bb max_width_phone=\u00a0\u00bb85%\u00a0\u00bb max_width_last_edited=\u00a0\u00bbon|tablet\u00a0\u00bb][\/et_pb_image][\/et_pb_column][\/et_pb_row][\/et_pb_section][et_pb_section fb_built=\u00a0\u00bb1&Prime; admin_label=\u00a0\u00bbsection\u00a0\u00bb _builder_version=\u00a0\u00bb3.0.47&Prime;][et_pb_row custom_padding=\u00a0\u00bb77px||\u00a0\u00bb custom_padding_tablet=\u00a0\u00bb0px|||\u00a0\u00bb custom_padding_last_edited=\u00a0\u00bbon|tablet\u00a0\u00bb admin_label=\u00a0\u00bbrow\u00a0\u00bb _builder_version=\u00a0\u00bb3.21.1&Prime; background_size=\u00a0\u00bbinitial\u00a0\u00bb background_position=\u00a0\u00bbtop_left\u00a0\u00bb background_repeat=\u00a0\u00bbrepeat\u00a0\u00bb custom_margin_tablet=\u00a0\u00bb-32px||\u00a0\u00bb custom_margin_last_edited=\u00a0\u00bbon|phone\u00a0\u00bb][et_pb_column type=\u00a0\u00bb4_4&Prime; _builder_version=\u00a0\u00bb3.0.47&Prime;][et_pb_text admin_label=\u00a0\u00bbText\u00a0\u00bb _builder_version=\u00a0\u00bb3.21.1&Prime; background_size=\u00a0\u00bbinitial\u00a0\u00bb background_position=\u00a0\u00bbtop_left\u00a0\u00bb background_repeat=\u00a0\u00bbrepeat\u00a0\u00bb]<p><\/p>\n<h2 class=\"wp-block-heading\"><b>Mentions l\u00e9gales<\/b><\/h2>\n<p>\u00a0Ce site web et tous les documents qu\u2019il contient servent uniquement \u00e0 des fins d\u2019information.<br \/> Toute copie ou impression totale ou partielle de ce document doit mentionner la source \u00ab \u00a9 vivreauportugal\u00bb et reproduire le texte int\u00e9gral du pr\u00e9sent avis.<\/p>\n<p><b><\/b><\/p>\n<p><b>Editeur du site :<br \/> <\/b><strong>\u00ab\u00a0Vivre au Portugal\u00a0\u00bb<\/strong><\/p>\n<p><strong>Si\u00e8ge social :<\/strong><br \/> <a class=\"moz-txt-link-abbreviated\" href=\"mailto:contact@nouvelleressource.fr\"><span style=\"color: #444444;\">8 bis route de Dury <\/span><br \/> <span style=\"color: #444444;\"> 80680 Saint-Fuscien<\/span><br \/> <span style=\"color: #444444;\"> Tel bureau : 03 22 96 28 78 <\/span><br \/> <span style=\"color: #444444;\"> Port : 06 42 96 94 40<\/span><br \/> <\/a><span style=\"color: #444444;\"><a class=\"moz-txt-link-abbreviated\" href=\"mailto:jose.ferreira@vivreauportugal.eu\" moz-do-not-send=\"true\" style=\"color: #444444;\">jose.ferreira@vivreauportugal.eu<\/a><\/span><a class=\"moz-txt-link-abbreviated\" href=\"mailto:contact@nouvelleressource.fr\"><\/a><\/p>\n<p><strong>R\u00e9alisation et conception graphique :<\/strong> <a href=\"https:\/\/abcimpression80.business.site\/?m=true\">ABC impression<\/a> Corbie &amp; BLC Amiens<br \/> <strong>H\u00e9bergeur :<\/strong> OVH<br \/> <strong>Copyright photos :<\/strong> Stock Adobe, Jos\u00e9 Ferreira, BLC.<br \/> <a href=\"https:\/\/fr.vecteezy.com\/art-vectoriel\/154071-conception-de-la-carte-portugal-vecteur-gratuit\"><strong>Illustration<\/strong><\/a> par <a href=\"https:\/\/fr.vecteezy.com\">Vecteezy<\/a><br \/> <span style=\"caret-color: #222222; color: #222222; font-family: sans-serif; font-size: 14px; font-style: normal; font-variant-caps: normal; letter-spacing: normal; orphans: auto; text-align: start; text-indent: 0px; text-transform: none; white-space: normal; widows: auto; word-spacing: 0px; -webkit-text-size-adjust: auto; -webkit-text-stroke-width: 0px; text-decoration: none;\"><\/span><\/p>\n<p><b>Propri\u00e9t\u00e9 intellectuelle<br \/> <\/b>Le site <span style=\"color: #444444;\"><a class=\"moz-txt-link-abbreviated\" href=\"mailto:jose.ferreira@vivreauportugal.eu\" moz-do-not-send=\"true\" style=\"color: #444444;\">vivreauportugal.eu<\/a><\/span> appartient et est exploit\u00e9 par \u00ab\u00a0Vivre au Portugal\u00a0\u00bb, organisme de formation. La pr\u00e9sentation et chacun des \u00e9l\u00e9ments, y compris les logos apparaissant sur le site sont prot\u00e9g\u00e9s par les lois en vigueur sur la propri\u00e9t\u00e9 intellectuelle, et appartiennent \u00e0 \u00ab\u00a0Vivre au Portugal\u00a0\u00bb, ou font l\u2019objet d\u2019une autorisation d\u2019utilisation.<br \/> Aucun \u00e9l\u00e9ment composant le site ne peut \u00eatre copi\u00e9, reproduit, modifi\u00e9, r\u00e9\u00e9dit\u00e9, charg\u00e9, d\u00e9natur\u00e9, transmis ou distribu\u00e9 de quelque mani\u00e8re que ce soit, sous quelque support que ce soit, de fa\u00e7on partielle ou int\u00e9grale, sans l\u2019autorisation \u00e9crite et pr\u00e9alable de \u00ab\u00a0Vivre au Portugal\u00a0\u00bb. Seule la copie \u00e0 usage priv\u00e9 est autoris\u00e9e pour votre usage personnel, priv\u00e9 et non-commercial, sur votre ordinateur personnel. La repr\u00e9sentation ou reproduction d\u2019un de ces \u00e9l\u00e9ments, par quelque proc\u00e9d\u00e9 que ce soit, constitue une contrefa\u00e7on sanctionn\u00e9e par les articles L.3335-2 et suivants du Code de la propri\u00e9t\u00e9 intellectuelle (<a class=\"moz-txt-link-abbreviated\" href=\"http:\/\/www.legalis.net\">www.legalis.net<\/a>).<br \/> La mention suivante doit notamment appara\u00eetre sur toute copie autoris\u00e9e de tout ou partie du contenu du Site : \u00ab \u00a9 \u00ab\u00a0Vivre au Portugal\u00a0\u00bb\u00bb<br \/> Toute utilisation autoris\u00e9e des \u00e9l\u00e9ments composant ou figurant le site doit se faire sans d\u00e9naturation, modification ou alt\u00e9ration de quelque mani\u00e8re que ce soit.<br \/> \u00ab\u00a0Vivre au Portugal\u00a0\u00bbse r\u00e9serve le droit de poursuivre tout acte de contrefa\u00e7on de ses droits de propri\u00e9t\u00e9 intellectuelle. \u00ab\u00a0Vivre au Portugal\u00a0\u00bb se d\u00e9gage, ainsi que l\u2019h\u00e9bergeur du site internet URL de toute responsabilit\u00e9 quant aux droits d\u2019utilisation des contenus textes, images, animations, vid\u00e9os plac\u00e9s sur ce site par les prestataires.<\/p>\n<p>Toute reproduction totale ou partielle de ce site internet, sans l\u2019autorisation pr\u00e9alable et expresse de l\u2019auteur est donc prohib\u00e9e. Tous les noms de produits ou de soci\u00e9t\u00e9s mentionn\u00e9s dans le pr\u00e9sent site sont les marques de leurs titulaires respectifs.<\/p>\n<p><b>Image des pages provenant de Adobe Stock<\/b><br \/> Copyright concernant les images provenant de la banque d\u2019images de Adobe Stock : La ou les Images sont couvertes par un copyright et sont prot\u00e9g\u00e9es par les diff\u00e9rentes lois des Etats-Unis, les trait\u00e9s internationaux et autres lois applicables. Elles restent la propri\u00e9t\u00e9 exclusive de Adobe Stock ou de ses conc\u00e9dant. L\u2019avis de cr\u00e9dit technique et de copyright figure en pied de page sous la forme ; \u00ab \u00a9 Adobe Stock \u00bb.<\/p>\n<p><b>Donn\u00e9es personnelles<\/b><br \/> La visite sur le site <a class=\"moz-txt-link-freetext\" href=\"https:\/\/www.nouvelle-ressource.com\">https:\/\/www.vivreauportugal.eu<\/a> ne n\u00e9cessite pas de d\u00e9cliner son identit\u00e9 ni de fournir des informations personnelles vous concernant. \u00ab\u00a0Vivre au Portugal\u00a0\u00bb ne divulguera pas \u00e0 des tiers les donn\u00e9es personnelles vous concernant que vous pourriez lui communiquer par le moyen de la messagerie \u00e9lectronique. Elles ne seraient utilis\u00e9es que dans le but de vous r\u00e9pondre le plus efficacement possible.<\/p>\n<p><b>Liens vers d\u2019autres sites<\/b><br \/> Afin de faciliter l\u2019acc\u00e8s \u00e0 d\u2019autres sites susceptibles d\u2019apporter un compl\u00e9ment d\u2019information, \u00ab\u00a0Vivre au Portugal\u00a0\u00bb SAS a ins\u00e9r\u00e9 dans le site un certain nombre de liens. N\u00e9anmoins, la responsabilit\u00e9 de \u00ab\u00a0Vivre au Portugal\u00a0\u00bb ou du concepteur du site Internet, \u00e0 savoir BLC, <a class=\"moz-txt-link-abbreviated\" href=\"http:\/\/www.blc-communication.fr\">www.blc-communication.fr<\/a>,\u00a0 ne saurait \u00eatre engag\u00e9e au titre d\u2019un site tiers auquel vous auriez acc\u00e8s via celle-ci. \u00ab\u00a0Vivre au Portugal\u00a0\u00bb ne dispose d\u2019aucun moyen de contr\u00f4le du contenu de ces sites tiers. En tout \u00e9tat de cause, \u00ab\u00a0Vivre au Portugal\u00a0\u00bb n\u2019est pas responsable de l\u2019indisponibilit\u00e9 des sites, de leur contenu, publicit\u00e9 ou autres \u00e9l\u00e9ments disponibles sur des sites tiers.<br \/> \u00ab\u00a0Vivre au Portugal\u00a0\u00bbou BLC ne saurait en aucun cas \u00eatre tenue responsable du contenu des sites reli\u00e9s au sien par des liens hypertextes. L\u2019utilisation de ces sites incombe pleinement \u00e0 leur auteur. Le contenu de ces sites a pu \u00eatre modifi\u00e9, sans que \u00ab\u00a0Vivre au Portugal\u00a0\u00bb n\u2019en ait eu connaissance. En outre, il vous incombe de prendre les pr\u00e9cautions n\u00e9cessaires pour \u00e9viter toute contamination du site notamment par un ou plusieurs virus.<br \/> <b><br \/> <\/b><b>Disponibilit\u00e9 du site web<\/b><br \/> \u00ab\u00a0Vivre au Portugal\u00a0\u00bbet\/ou son fournisseur (h\u00e9bergeur OVH) pourra (ont), \u00e0 tout moment, modifier ou interrompre, temporairement ou de fa\u00e7on permanente, tout ou partie de l\u2019acc\u00e8s au site pour effectuer des op\u00e9rations de maintenance et\/ou effectuer des am\u00e9liorations et\/ou des modifications. \u00ab\u00a0Vivre au Portugal\u00a0\u00bb n\u2019est pas responsable de toute modification, suspension ou interruption de cet outil.Les pr\u00e9sentes Conditions G\u00e9n\u00e9rales d\u2019utilisation sont soumises au droit interne fran\u00e7ais. La langue des Conditions G\u00e9n\u00e9rales faisant foi est la langue fran\u00e7aise. En cas de litige, les tribunaux fran\u00e7ais seront seuls comp\u00e9tents.<\/p>\n<p>&nbsp;<\/p>\n<p>&nbsp;<\/p>\n<p><\/p>[\/et_pb_text][\/et_pb_column][\/et_pb_row][\/et_pb_section]","protected":false},"excerpt":{"rendered":"<p>Mentions l\u00e9gales \u00a0Ce site web et tous les documents qu\u2019il contient servent uniquement \u00e0 des fins d\u2019information. Toute copie ou impression totale ou partielle de ce document doit mentionner la source \u00ab \u00a9 vivreauportugal\u00bb et reproduire le texte int\u00e9gral du pr\u00e9sent avis. Editeur du site : \u00ab\u00a0Vivre au Portugal\u00a0\u00bb Si\u00e8ge social : 8 bis route [&hellip;]<\/p>\n","protected":false},"author":1,"featured_media":0,"parent":0,"menu_order":0,"comment_status":"closed","ping_status":"closed","template":"","meta":{"_et_pb_use_builder":"on","_et_pb_old_content":"","_et_gb_content_width":""},"yoast_head":"<!-- This site is optimized with the Yoast SEO plugin v21.8.1 - https:\/\/yoast.com\/wordpress\/plugins\/seo\/ -->\n<title>Mentions L\u00e9gales - Vivre au Portugal<\/title>\n<meta name=\"robots\" content=\"index, follow, max-snippet:-1, max-image-preview:large, max-video-preview:-1\" \/>\n<link rel=\"canonical\" href=\"https:\/\/vivreauportugal.eu\/index.php\/mentions-legales\/\" \/>\n<meta property=\"og:locale\" content=\"fr_FR\" \/>\n<meta property=\"og:type\" content=\"article\" \/>\n<meta property=\"og:title\" content=\"Mentions L\u00e9gales - Vivre au Portugal\" \/>\n<meta property=\"og:description\" content=\"Mentions l\u00e9gales \u00a0Ce site web et tous les documents qu\u2019il contient servent uniquement \u00e0 des fins d\u2019information. Toute copie ou impression totale ou partielle de ce document doit mentionner la source \u00ab \u00a9 vivreauportugal\u00bb et reproduire le texte int\u00e9gral du pr\u00e9sent avis. Editeur du site : &quot;Vivre au Portugal&quot; Si\u00e8ge social : 8 bis route [&hellip;]\" \/>\n<meta property=\"og:url\" content=\"https:\/\/vivreauportugal.eu\/index.php\/mentions-legales\/\" \/>\n<meta property=\"og:site_name\" content=\"Vivre au Portugal\" \/>\n<meta property=\"article:modified_time\" content=\"2022-08-23T12:08:36+00:00\" \/>\n<meta property=\"og:image\" content=\"https:\/\/vivreauportugal.eu\/wp-content\/uploads\/2019\/09\/Logo-baseline-light-1-300x134.png\" \/>\n<meta name=\"twitter:card\" content=\"summary_large_image\" \/>\n<meta name=\"twitter:label1\" content=\"Dur\u00e9e de lecture estim\u00e9e\" \/>\n\t<meta name=\"twitter:data1\" content=\"6 minutes\" \/>\n<script type=\"application\/ld+json\" class=\"yoast-schema-graph\">{\"@context\":\"https:\/\/schema.org\",\"@graph\":[{\"@type\":\"WebPage\",\"@id\":\"https:\/\/vivreauportugal.eu\/index.php\/mentions-legales\/\",\"url\":\"https:\/\/vivreauportugal.eu\/index.php\/mentions-legales\/\",\"name\":\"Mentions L\u00e9gales - Vivre au Portugal\",\"isPartOf\":{\"@id\":\"https:\/\/vivreauportugal.eu\/#website\"},\"datePublished\":\"2019-09-16T12:42:27+00:00\",\"dateModified\":\"2022-08-23T12:08:36+00:00\",\"breadcrumb\":{\"@id\":\"https:\/\/vivreauportugal.eu\/index.php\/mentions-legales\/#breadcrumb\"},\"inLanguage\":\"fr-FR\",\"potentialAction\":[{\"@type\":\"ReadAction\",\"target\":[\"https:\/\/vivreauportugal.eu\/index.php\/mentions-legales\/\"]}]},{\"@type\":\"BreadcrumbList\",\"@id\":\"https:\/\/vivreauportugal.eu\/index.php\/mentions-legales\/#breadcrumb\",\"itemListElement\":[{\"@type\":\"ListItem\",\"position\":1,\"name\":\"Home\",\"item\":\"https:\/\/vivreauportugal.eu\/\"},{\"@type\":\"ListItem\",\"position\":2,\"name\":\"Mentions L\u00e9gales\"}]},{\"@type\":\"WebSite\",\"@id\":\"https:\/\/vivreauportugal.eu\/#website\",\"url\":\"https:\/\/vivreauportugal.eu\/\",\"name\":\"Vivre au Portugal\",\"description\":\"\",\"publisher\":{\"@id\":\"https:\/\/vivreauportugal.eu\/#organization\"},\"potentialAction\":[{\"@type\":\"SearchAction\",\"target\":{\"@type\":\"EntryPoint\",\"urlTemplate\":\"https:\/\/vivreauportugal.eu\/?s={search_term_string}\"},\"query-input\":\"required name=search_term_string\"}],\"inLanguage\":\"fr-FR\"},{\"@type\":\"Organization\",\"@id\":\"https:\/\/vivreauportugal.eu\/#organization\",\"name\":\"vivreauportugal\",\"url\":\"https:\/\/vivreauportugal.eu\/\",\"logo\":{\"@type\":\"ImageObject\",\"inLanguage\":\"fr-FR\",\"@id\":\"https:\/\/vivreauportugal.eu\/#\/schema\/logo\/image\/\",\"url\":\"https:\/\/vivreauportugal.eu\/wp-content\/uploads\/2020\/09\/Logo-baseline-light-1.png\",\"contentUrl\":\"https:\/\/vivreauportugal.eu\/wp-content\/uploads\/2020\/09\/Logo-baseline-light-1.png\",\"width\":527,\"height\":236,\"caption\":\"vivreauportugal\"},\"image\":{\"@id\":\"https:\/\/vivreauportugal.eu\/#\/schema\/logo\/image\/\"}}]}<\/script>\n<!-- \/ Yoast SEO plugin. -->","yoast_head_json":{"title":"Mentions L\u00e9gales - Vivre au Portugal","robots":{"index":"index","follow":"follow","max-snippet":"max-snippet:-1","max-image-preview":"max-image-preview:large","max-video-preview":"max-video-preview:-1"},"canonical":"https:\/\/vivreauportugal.eu\/index.php\/mentions-legales\/","og_locale":"fr_FR","og_type":"article","og_title":"Mentions L\u00e9gales - Vivre au Portugal","og_description":"Mentions l\u00e9gales \u00a0Ce site web et tous les documents qu\u2019il contient servent uniquement \u00e0 des fins d\u2019information. Toute copie ou impression totale ou partielle de ce document doit mentionner la source \u00ab \u00a9 vivreauportugal\u00bb et reproduire le texte int\u00e9gral du pr\u00e9sent avis. Editeur du site : \"Vivre au Portugal\" Si\u00e8ge social : 8 bis route [&hellip;]","og_url":"https:\/\/vivreauportugal.eu\/index.php\/mentions-legales\/","og_site_name":"Vivre au Portugal","article_modified_time":"2022-08-23T12:08:36+00:00","og_image":[{"url":"https:\/\/vivreauportugal.eu\/wp-content\/uploads\/2019\/09\/Logo-baseline-light-1-300x134.png"}],"twitter_card":"summary_large_image","twitter_misc":{"Dur\u00e9e de lecture estim\u00e9e":"6 minutes"},"schema":{"@context":"https:\/\/schema.org","@graph":[{"@type":"WebPage","@id":"https:\/\/vivreauportugal.eu\/index.php\/mentions-legales\/","url":"https:\/\/vivreauportugal.eu\/index.php\/mentions-legales\/","name":"Mentions L\u00e9gales - Vivre au Portugal","isPartOf":{"@id":"https:\/\/vivreauportugal.eu\/#website"},"datePublished":"2019-09-16T12:42:27+00:00","dateModified":"2022-08-23T12:08:36+00:00","breadcrumb":{"@id":"https:\/\/vivreauportugal.eu\/index.php\/mentions-legales\/#breadcrumb"},"inLanguage":"fr-FR","potentialAction":[{"@type":"ReadAction","target":["https:\/\/vivreauportugal.eu\/index.php\/mentions-legales\/"]}]},{"@type":"BreadcrumbList","@id":"https:\/\/vivreauportugal.eu\/index.php\/mentions-legales\/#breadcrumb","itemListElement":[{"@type":"ListItem","position":1,"name":"Home","item":"https:\/\/vivreauportugal.eu\/"},{"@type":"ListItem","position":2,"name":"Mentions L\u00e9gales"}]},{"@type":"WebSite","@id":"https:\/\/vivreauportugal.eu\/#website","url":"https:\/\/vivreauportugal.eu\/","name":"Vivre au Portugal","description":"","publisher":{"@id":"https:\/\/vivreauportugal.eu\/#organization"},"potentialAction":[{"@type":"SearchAction","target":{"@type":"EntryPoint","urlTemplate":"https:\/\/vivreauportugal.eu\/?s={search_term_string}"},"query-input":"required name=search_term_string"}],"inLanguage":"fr-FR"},{"@type":"Organization","@id":"https:\/\/vivreauportugal.eu\/#organization","name":"vivreauportugal","url":"https:\/\/vivreauportugal.eu\/","logo":{"@type":"ImageObject","inLanguage":"fr-FR","@id":"https:\/\/vivreauportugal.eu\/#\/schema\/logo\/image\/","url":"https:\/\/vivreauportugal.eu\/wp-content\/uploads\/2020\/09\/Logo-baseline-light-1.png","contentUrl":"https:\/\/vivreauportugal.eu\/wp-content\/uploads\/2020\/09\/Logo-baseline-light-1.png","width":527,"height":236,"caption":"vivreauportugal"},"image":{"@id":"https:\/\/vivreauportugal.eu\/#\/schema\/logo\/image\/"}}]}},"_links":{"self":[{"href":"https:\/\/vivreauportugal.eu\/index.php\/wp-json\/wp\/v2\/pages\/963"}],"collection":[{"href":"https:\/\/vivreauportugal.eu\/index.php\/wp-json\/wp\/v2\/pages"}],"about":[{"href":"https:\/\/vivreauportugal.eu\/index.php\/wp-json\/wp\/v2\/types\/page"}],"author":[{"embeddable":true,"href":"https:\/\/vivreauportugal.eu\/index.php\/wp-json\/wp\/v2\/users\/1"}],"replies":[{"embeddable":true,"href":"https:\/\/vivreauportugal.eu\/index.php\/wp-json\/wp\/v2\/comments?post=963"}],"version-history":[{"count":20,"href":"https:\/\/vivreauportugal.eu\/index.php\/wp-json\/wp\/v2\/pages\/963\/revisions"}],"predecessor-version":[{"id":2034,"href":"https:\/\/vivreauportugal.eu\/index.php\/wp-json\/wp\/v2\/pages\/963\/revisions\/2034"}],"wp:attachment":[{"href":"https:\/\/vivreauportugal.eu\/index.php\/wp-json\/wp\/v2\/media?parent=963"}],"curies":[{"name":"wp","href":"https:\/\/api.w.org\/{rel}","templated":true}]}}